 15. Give l(-3).
3
Let q(u) = u**3 - 2*u**2 - 8*u - 4. What is q(4)?
-4
Let a(s) = -16*s - 11. Determine a(-4).
53
Let h(y) = -6*y + 15. Calculate h(6).
-21
Let g(j) = -3*j + 11. Calculate g(5).
-4
Let j(c) = 16*c**2 + 4*c + 3. Calculate j(-1).
15
Let p(n) = -47*n + 17. What is p(0)?
17
Let z(w) = 7*w**3 - 3*w**2 + 4*w - 4. Calculate z(3).
170
Let p(i) = -10*i + 32. Calculate p(5).
-18
Let i(d) = d**3 - 15*d**2 - 5*d + 1. Calculate i(15).
-74
Let q(u) = -11*u - 197. Give q(-11).
-76
Let m(d) = -3*d**2 + d + 3. Determine m(-3).
-27
Let k(p) = p**2 - p - 10. Calculate k(6).
20
Let m(d) = 4*d + 19. What is m(-9)?
-17
Let r(j) = 2*j + 9. What is r(-5)?
-1
Let a(h) = 6*h**2 + 25*h - 26. Give a(1).
5
Let a(r) = r**2 - 9*r - 14. Give a(10).
-4
Let n(s) = s**3 + 5*s**2 - 6*s + 6. What is n(-6)?
6
Let a(p) = p**3 - 15*p**2 - 39*p + 78. What is a(17)?
-7
Let h(p) = -4*p. Determine h(-4).
16
Let h(y) = -y**3 - y**2 + 5*y + 2. Determine h(-3).
5
Let d(l) = -l**2 - 14*l + 34. Give d(-16).
2
Let w(y) = -y**3 - 5*y**2 + 8*y - 7. What is w(-7)?
35
Let k(g) = g**2 - 9. Calculate k(0).
-9
Let h(l) = -19*l - 58. Determine h(-4).
18
Let f(b) = b**3 - 12*b**2 + 12*b - 11. What is f(11)?
0
Let f(c) = -14*c - 29. Calculate f(-2).
-1
Let z(j) = j**3 - 15*j**2 - 48*j - 116. What is z(18)?
-8
Let c(o) = -22*o**3 - 3*o + 3. Calculate c(1).
-22
Let q(u) = -10*u - 30. What is q(-3)?
0
Let i(k) = 2*k**3 + 22*k**2 - 118*k + 33. Give i(-15).
3
Let y(k) = -k**3 + 2*k + 55. What is y(0)?
55
Let y(p) = -5*p - 60. What is y(-15)?
15
Let q(v) = -15*v + 1. Give q(1).
-14
Let w(q) = 11*q - 318. Give w(29).
1
Let c(l) = l**2 + 27*l + 100. What is c(-23)?
8
Let w(o) = o**3 - 4*o**2 - o + 10. What is w(4)?
6
Let p(u) = -u + 11. Give p(4).
7
Let d(q) = -2*q**2 - 4*q + 49. Determine d(-6).
1
Let m(y) = y**2 + 2*y + 9. Give m(0).
9
Let i(f) = -f + 3. Determine i(1).
2
Let r(k) = 4*k - 66. What is r(12)?
-18
Let l(u) = -31*u + 1. What is l(-1)?
32
Let z(u) = -18*u - 43. Give z(-3).
11
Let j(u) = 3*u**3 - 24*u**2 - 4*u + 35. Give j(8).
3
Let k(n) = -n**2 - 10*n - 2. Determine k(-7).
19
Let d(m) = -4*m + 15. Give d(6).
-9
Let d(m) = -2*m**2 + 38*m - 39. Give d(1).
-3
Let n(g) = -g**3 + 12*g**2 + 13*g + 11. Give n(13).
11
Let x(j) = -j**3 + 13*j**2 - j - 1. What is x(13)?
-14
Let l(d) = 109*d**3 + 4*d - 3. Determine l(1).
110
Let z(m) = -m**3 + 11*m**2 - 25*m - 15. Give z(5).
10
Let f(x) = 3*x**3 - 2*x**2 - 4. Determine f(2).
12
Let d(i) = i**2 + 18*i - 47. Determine d(-21).
16
Let c(o) = -2*o + 1. Give c(11).
-21
Let c(m) = -3*m**3 + m**2 - 2*m - 1. What is c(-2)?
31
Let c(p) = -8*p**3 - p**2 - 4*p + 4. What is c(1)?
-9
Let n(j) = -2*j**2 - 30*j - 77. Determine n(-3).
-5
Let s(n) = -n**2 + 20*n + 71. Give s(23).
2
Let n(w) = -w**3 + 32*w**2 + 73*w - 176. Calculate n(34).
-6
Let a(p) = -2*p**2 - 15*p - 20. Give a(-3).
7
Let u(x) = -x**2 - 4*x + 8. Determine u(-5).
3
Let p(k) = k**3 + 13*k**2 + k + 11. Calculate p(-13).
-2
Let w(g) = g + 2. What is w(18)?
20
Let j(y) = y**3 + y**2 + 2*y + 11. Determine j(0).
11
Let c(v) = 43*v. Determine c(-1).
-43
Let h(x) = -4*x - 274. Determine h(-66).
-10
Let w(f) = f**3 - 2*f**2 - 67*f - 11. Calculate w(-7).
17
Let y(q) = -q**2 + 9*q + 282. Give y(-13).
-4
Let l(b) = 3*b**2 + 2*b + 4. Give l(3).
37
Let b(m) = -m + 30. What is b(23)?
7
Let t(p) = p**3 + 12*p**2 + 12*p + 14. Determine t(-11).
3
Let o(g) = -82*g + 486. What is o(6)?
-6
Let l(g) = -g**2 + 60*g + 254. Calculate l(64).
-2
Let o(u) = -5*u - 46. Calculate o(-8).
-6
Let w(i) = -i**2 - 6*i. Give w(-5).
5
Let p(r) = -84*r**2 - r - 1. Calculate p(-1).
-84
Let i(l) = -l**3 + 9*l**2 + 24*l + 12. Determine i(11).
34
Let a(l) = -l**2 - 13*l - 10. Determine a(-8).
30
Let i(u) = -25*u + 114. Determine i(4).
14
Let o(i) = -i - 8. Determine o(-2).
-6
Let b(q) = 3*q - 3. Give b(5).
12
Let l(o) = 4*o + 57. Calculate l(-12).
9
Let g(v) = -v + 18. Give g(9).
9
Let m(h) = 2*h**2 - 3*h - 7. Calculate m(-6).
83
Let i(a) = -22*a - 3. Calculate i(-1).
19
Let t(d) = -3*d**2 + d + 32. Determine t(6).
-70
Let m(f) = -f**3 - 12*f**2 - 11*f + 7. Calculate m(-11).
7
Let g(o) = 3*o**2 + 19*o - 16. What is g(-7)?
-2
Let z(o) = o**3 + 11*o**2 + 12*o + 35. Calculate z(-10).
15
Let o(p) = -32*p**3 + 1. Calculate o(1).
-31
Let s(d) = -5*d - 9. Give s(-3).
6
Let v(f) = -10*f + 6. What is v(4)?
-34
Let n(h) = -18*h - 54. Calculate n(-3).
0
Let b(f) = -f**3 + 13*f**2 - 5. Calculate b(13).
-5
Let p(k) = -k**2 + 5*k + 14. Calculate p(0).
14
Let h(d) = -d**2 - 8*d + 30. What is h(-13)?
-35
Let n(s) = -32*s - 21. Give n(-4).
107
Let h(l) = -l + 8. What is h(8)?
0
Let y(r) = 2*r + 1. Determine y(-6).
-11
Let i(h) = h**3 - 9*h**2 + 16*h - 4. Give i(2).
0
Let i(p) = -p**3 + 5*p**2 - 5*p - 3. Give i(4).
-7
Let m(t) = t**3 + 10*t**2 - 7*t + 8. Calculate m(-11).
-36
Let u(l) = -l**3 - 29*l**2 + 31*l + 20. Determine u(-30).
-10
Let c(w) = 2*w**3 + 8*w**2 - 6. Calculate c(-6).
-150
Let q(n) = -4*n**3 - 2*n**2 - n + 2. Give q(2).
-40
Let a(f) = -f. What is a(8)?
-8
Let h(c) = 2*c**3 - 2*c**2 - 3*c + 3. What is h(2)?
5
Let x(v) = v**3 - 8*v**2 + 2*v - 6. Give x(8).
10
Let l(i) = 20*i + 7. Give l(-3).
-53
Let h(c) = -2*c**2 + 11*c - 3. Give h(8).
-43
Let k(d) = 24*d + 3. Give k(0).
3
Let g(m) = -m**3 - 8*m**2 - 4*m - 6. Calculate g(-8).
26
Let i(p) = -9*p - 30. Calculate i(-4).
6
Let f(g) = -g**2 - 5*g - 9. Give f(7).
-93
Let a(t) = -t**2 - 10*t + 13. Determine a(-10).
13
Let x(s) = s**2 - 16*s + 19. Give x(6).
-41
Let z(o) = 7*o**3 + 3*o**2 - 4*o - 2. What is z(2)?
58
Let k(i) = i**3 - 28*i**2 + 30*i - 23. Give k(27).
58
Let u(q) = 6*q + 8. What is u(7)?
50
Let v(p) = p**3 + 3*p**2 - 29*p - 4. Give v(-7).
3
Let d(b) = b**2 + 21*b + 81. What is d(-20)?
61
Let m(v) = v**3 + 7*v**2 - 10*v - 18. Calculate m(-8).
-2
Let h(q) = q**2 - 5*q - 1. Determine h(-2).
13
Let b(m) = -2*m + 24. Determine b(2).
20
Let l(b) = b**3 - 17*b**2 + 27*b + 7. Determine l(15).
-38
Let g(y) = 14*y + 95. Calculate g(-7).
-3
Let w(s) = 3*s**2 + 11*s - 185. What is w(-10)?
5
Let j(t) = t**3 + 4*t**2 - 2*t - 6. Give j(-4).
2
Let j(v) = -2*v**2 + 5*v + 11. Give j(-3).
-22
Let x(h) = -2*h**3 + 3*h**2 - 1. Calculate x(3).
-28
Let k(q) = 11*q + 106. Give k(-10).
-4
Let n(m) = m**2 + 6*m + 5. Determine n(-4).
-3
Let a(f) = f**3 + 14*f**2 - 14*f - 3. Give a(-15).
-18
Let a(f) = 20*f**2 + f - 3. Calculate a(-1).
16
Let i(d) = -d - 25. Determine i(-14).
-11
Let h(z) = -2*z**2 - 10*z - 12. Give h(-7).
-40
Let v(u) = -8*u**2 - 6*u + 1. Calculate v(-2).
-19
Let t(r) = -r**3 - 18*r**2 - 16*r - 11. Calculate t(-17).
-28
Let p(r) = r**3 + 6*r**2 + 8*r + 6. Give p(-5).
-9
Let x(l) = -2*l**3 - 9*l**2 + 3*l - 6. Give x(-5).
4
Let i(s) = 10*s - 106. Give i(10).
-6
Let c(f) = f - 1. Determine c(4).
3
Let p(a) = -a - 38. What is p(-14)?
-24
Let q(j) = -10*j - 53. Calculate q(-10).
47
Let h(j) = -j**3 + 2*j**2 - 3*j + 1. Calculate h(2).
-5
Let z(r) = -32*r + 9. Give z(1).
-23
Let u(m) = m - 17. What is u(18)?
1
Let i(v) = 15*v + 9. Give i(-3).
-36
Let x(d) = d**2 - 91*d - 901. Determine x(-9).
-1
Let n(c) = 29*c + 93. Calculate n(-3).
6
Let l(o) = 15*o - 303. Determine l(20).
-3
Let c(u) = 5*u**2 - 4*u + 2. Calculate c(2).
14
Let y(g) = 4*g - 1. Calculate y(-4).
-17
Let f(a) = 2*a + 43. What is f(-5)?
33
Let g(y) = 11*y**3 - 3*y**2 - 4*y - 2. Determine g(-2).
-94
Let u(h) = -h**3 + 10*h**2 - 6*h - 3. Calculate u(9).
24
Let a(n) = -n**2 - 10*n + 5. Give a(-11).
-6
Let s(p) = -p**3 - 6*p**2 - 3*p - 19. What is s(-6)?
-1
Let c(t) = -t + 10. Calculate c(-4).
14
Let q(x) = -19*x**2 + 12*x - 10. Determine q(1).
-17
Let h(p) = p - 16. What is h(-7)?
-23
Let g(j) = 2*j**3 - 5*j**2 - j + 11. Give g(3).
17
Let z(b) = b**2 + 9*b - 6. Calculate z(-6).
-24
Let o(b) = b + 9. Determine o(-7).
2
Let z(p) = -p**3 + 23*p**2 + 23*p + 28. What is z(24)?
4
Let o(i) = -i**3 + 10*i**2 + 25*i + 10. Determine o(12).
22
Let h(k) = k**2 - 6*k - 1. Calculate h(0).
-1
Let t(g) = -6*g + 2. Give t(3).
-16
Let q(f) = -f. Determine q(3).
-3
Let p(z) = -z**2 + 13*z - 6. Calculate p(6).
36
Let u(i) = -3*i. Calculate u(-6).
18
Let q(f) = 77*f - 216. What is q(3)?
15
Let w(h) = h**2 + 4*h - 4. Give w(5).
41
Let d(y) = y**3 + 4*y**2 - 4*y - 14. Determine d(-4).
2
Let l(b) = -3*b + 3. What is l(1)?
0
Let g(k) = k**3 + 7*k**2 - 9